e 9, what is -2 + -52233168?
-52233171
In base 13, what is -1547aab2 + 4?
-1547aaab
In base 12, what is -1061 + -350?
-13b1
In base 2, what is -1000111 - 1010001010111111100000?
-1010001011000000100111
In base 6, what is 41452 - 3552?
33500
In base 15, what is -5 + 2d5c97?
2d5c92
In base 15, what is -c215 + 2?
-c213
In base 3, what is 2211210000 + 202021220?
10121001220
In base 13, what is -2c5802 + 12?
-2c57c0
In base 12, what is -445bb9 + 5?
-445bb4
In base 12, what is 2 - 599b93a?
-599b938
In base 5, what is -301423133 - 104?
-301423242
In base 14, what is -69766ba - -1?
-69766b9
In base 8, what is 62604 + -255?
62327
In base 11, what is -24 + 1837960?
1837937
In base 4, what is -22003021001 - 3?
-22003021010
In base 7, what is -35111 - -1540?
-33241
In base 13, what is 3b + -166c3a2?
-166c364
In base 5, what is -332303 + -3041?
-340344
In base 11, what is -155 + 1218a5?
121750
In base 13, what is -70 + -1886a34?
-1886aa4
In base 13, what is -4 + -4bc2b5?
-4bc2b9
In base 6, what is 122213555 - -4?
122214003
In base 6, what is 123020 + 351?
123411
In base 13, what is -94a54 + c?
-94a45
In base 13, what is -2abb0 + -905?
-2b7b5
In base 2, what is -11001 - -111110001000111110001111?
111110001000111101110110
In base 10, what is 0 - 675325?
-675325
In base 14, what is 91c - 27a4?
-1c86
In base 5, what is 4 + -440234440?
-440234431
In base 4, what is -3 - -1300332211313?
1300332211310
In base 13, what is 7 - 10c3671?
-10c3667
In base 12, what is -839 - 5522?
-615b
In base 15, what is 13 + -98873a?
-988727
In base 16, what is -22 + 59e17?
59df5
In base 4, what is 12 - 1202203320201?
-1202203320123
In base 13, what is -b17a838 - -2?
-b17a836
In base 14, what is -2c2d4 - -16?
-2c2bc
In base 15, what is 672dad + 0?
672dad
In base 2, what is -110100010000 - -101100011010?
-111110110
In base 13, what is -3 - -328327?
328324
In base 16, what is -579 + -1c6e?
-21e7
In base 15, what is -6773c - -cb?
-67661
In base 10, what is 1490 - -453?
1943
In base 4, what is -322 - 1132130032?
-1132131020
In base 15, what is -8e211 - -24?
-8e1dc
In base 15, what is 18a + -338b?
-3201
In base 12, what is 17565 + -141?
17424
In base 3, what is -1002012 + 100020212101?
100012210012
In base 2, what is 111011000100 - 11110111111?
11100000101
In base 5, what is -14121 - -1211133?
1142012
In base 3, what is -122211202 - 21122?
-200010101
In base 11, what is -423 + 60487?
60064
In base 14, what is 80b169d - -4?
80b16a3
In base 13, what is -2702a766 + -1?
-2702a767
In base 13, what is -903 + 995a?
9057
In base 15, what is -4cb83 - -1?
-4cb82
In base 7, what is 56 + -15166512?
-15166423
In base 9, what is -26721 - 26083?
-53814
In base 9, what is 5 - 872134?
-872128
In base 13, what is -3c10c - 353?
-3c462
In base 13, what is 10 + 36a83bc?
36a83cc
In base 8, what is 17433 - -335564?
355217
In base 4, what is 1003121113 - -32?
1003121211
In base 14, what is -1 + -58c2d0?
-58c2d1
In base 8, what is -1771665624 - 4?
-1771665630
In base 10, what is -5 - -9031073?
9031068
In base 4, what is -200100033 - -32300?
-200001133
In base 13, what is b83 - c?
b74
In base 4, what is 10213 - -33231200?
33302013
In base 4, what is 33203333022 + -3?
33203333013
In base 15, what is -4729b + 17?
-47284
In base 7, what is 234214 - -1356?
235603
In base 13, what is 330196 - 7?
33018c
In base 9, what is -40 + 12102720?
12102670
In base 7, what is 203666 - -204?
204203
In base 15, what is 37 - 32055?
-3201d
In base 12, what is -238 + -1ba966?
-1baba2
In base 4, what is -1233 - -1311100200?
1311032301
In base 8, what is 31 + -1075027?
-1074776
In base 16, what is 766 + 257b1?
25f17
In base 8, what is 3 - -3245711?
3245714
In base 7, what is 3 + -153020104?
-153020101
In base 10, what is -458157 + -210?
-458367
In base 12, what is 23 + 35b525?
35b548
In base 4, what is -230 - -2313013?
2312123
In base 4, what is -13233232213 - 1?
-13233232220
In base 10, what is -8 - -654572?
654564
In base 6, what is 5 + -2244313134?
-2244313125
In base 7, what is -2000254 - -206?
-2000045
In base 5, what is 3 - -10220043402?
10220043410
In base 12, what is 4915 - -218?
4b31
In base 14, what is 2c9 - -1403d?
14328
In base 8, what is 4344271 - -446?
4344737
In base 16, what is -59c - -6b1?
115
In base 7, what is -30201041 - -130?
-30200611
In base 7, what is -120 + 330503466?
330503346
In base 10, what is -8464 + -13290?
-21754
In base 8, what is 202344 + 6050?
210414
In base 16, what is -34f - -2a4?
-ab
In base 3, what is 11010011202 - -111000?
11010122202
In base 11, what is -24970a - 29?
-249738
In base 6, what is -30455225044 - -11?
-30455225033
In base 16, what is -b0 + -cb4e?
-cbfe
In base 10, what is 1060067 + -7?
1060060
In base 10, what is 254 + -158243?
-157989
In base 9, what is 153086502 - 0?
153086502
In base 7, what is -5341 + 140420?
132046
In base 12, what is 58405 + -31?
58394
In base 6, what is 5 + -53232333?
-53232324
In base 10, what is -46821 - 150?
-46971
In base 13, what is -2c0459 + -24?
-2c0480
In base 15, what is -1 + -15372ab?
-15372ac
In base 9, what is -4427 - -2742?
-1575
In base 3, what is -12 - 1202221121201?
-1202221121220
In base 3, what is 10021 - -11110011221221?
11110012002012
In base 6, what is 5 + -304410011?
-304410002
In base 14, what is -254 - 139ad?
-13c23
In base 5, what is 444 + 103432204?
103433203
In base 4, what is -10 - -110300122113203?
110300122113133
In base 7, what is 0 + -23560021?
-23560021
In base 16, what is -bf + 29c58?
29b99
In base 8, what is 124513617 - -2?
124513621
In base 4, what is -13320313 - -2021?
-13312232
In base 3, what is 1222100110 - 110112?
1221212221
In base 6, what is 1 + 540053141?
540053142
In base 4, what is -11222 + 1100323300?
1100312012
In base 5, what is -3200323 - -2100?
-3143223
In base 5, what is -11012 - 4024422?
-4040434
In base 5, what is 141043 + -22213?
113330
In base 12, what is b02 + 3747?
4649
In base 6, what is 22 - 53224313?
-53224251
In base 8, what is -13701 + 55422?
41521
In base 15, what is 1b97e6 + -16?
1b97d0
In base 4, what is 3213021200 + -1023?
3213020111
In base 3, what is 12 + 121111121102012?
121111121102101
In base 11, what is -64301 + -194?
-64495
In base 10, what is -113 + -369969?
-370082
In base 11, what is -482 - -50189?
4a807
In base 12, what is 1 - 7a878b?
-7a878a
In base 10, what is -515 - 91344?
-91859
In base 8, what is 0 + -476307311?
-476307311
In base 5, what is 112110142 + -4100?
112101042
In base 5, what is -341332 - -3104011?
2212124
In base 3, what is 1100 + -20211112102?
-20211111002
In base 4, what is -11 - -2203320013?
2203320002
In base 7, what is -16313631 - -46?
-16313552
In base 10, what is 1308904 - -5?
1308909
In base 2, what is 1000101111001000101000 - 1?
1000101111001000100111
In base 9, what is -1731 - -122786?
121055
In base 15, what is 6d8d70 - c?
6d8d63
In base 4, what is 3 - -1322203303?
1322203312
In base 12, what is 14b975 - -8?
14b981
In base 15, what is c1e + 82c0?
8ede
In base 2, what is 111011001 - -110010101000110011?
110010110000001100
In base 13, what is a6618 + c?
a6627
In base 16, what is 7a - c705?
-c68b
In base 3, what is -12 + -1102010112012010?
-1102010112012022
In base 9, what is -227 + -6138847?
-6140175
In base 10, what is 246942 - -738?
247680
In base 5, what is 220344 - 1322240?
-1101341
In base 11, what is -6 - -291a2347?
291a2341
In base 2, what is 1011111100101011 + -11000001?
1011111001101010
In base 5, what is 1100114244 - 4?
1100114240
In base 4, what is -1 + 300112000330?
300112000323
In base 2, what is -1011111100101010001 + 10010?
-1011111100100111111
In base 2, what is 1100100101010 - -111100101011?
10100001010101
In base 10, what is -2508 - -42148?
39640
In base 8, what is -3 + -14125342?
-14125345
In base 15, what is -1 - -b24148?
b24147
In base 6, what is -4314033 + -10024?
-4324101
In base 14, what is 37da5 + 25?
37dca
In base 2, what is -101000111000011111 + -111?
-101000111000100110
In base 3, what is 1000 - 120001101012?
-120001100012
In base 2, what is -111100100000101110000 - -101001101?
-111100100000000100011
In base 11, what is 40511 - 76?
40446
In base 12, what is 16ab3 - 35?
16a7a
In base 13, what is 673 + -132?
541
In base 9, what is -3834 - 27448?
-32383
In base 3, what is -20 - -1110112001010?
1110112000220
In base 6, what is -242